 is 4412 - 353?
4026
In base 13, what is 0 - ba3?
-ba3
In base 15, what is -2 + -95c8?
-95ca
In base 11, what is -1 - 499154?
-499155
In base 16, what is 48 + 3a3?
3eb
In base 13, what is 8ab - 64?
847
In base 13, what is -b7 + -4316?
-4400
In base 6, what is -2040413 - -4?
-2040405
In base 9, what is -253 - 31?
-284
In base 8, what is -17 + -175376?
-175415
In base 8, what is 4 - -1134643?
1134647
In base 14, what is 9 + -16668?
-1665d
In base 4, what is -112001123 + 100?
-112001023
In base 8, what is -15157 - 5?
-15164
In base 2, what is -100101101100111100 + 11?
-100101101100111001
In base 7, what is -1 - -60335?
60334
In base 13, what is -289 + -7a?
-336
In base 12, what is a - 52b38?
-52b2a
In base 3, what is 11 + -201200020210?
-201200020122
In base 5, what is 11 + -31312?
-31301
In base 16, what is -913 - 13?
-926
In base 4, what is 3103 - 10030?
-321
In base 10, what is -3018 - -4?
-3014
In base 2, what is -100000000100001110110 - 1?
-100000000100001110111
In base 12, what is -8b467a + 4?
-8b4676
In base 13, what is 4 - -5124?
5128
In base 5, what is 1423 - -14321?
21244
In base 6, what is -10224443 + 3?
-10224440
In base 6, what is -4300004 + -5?
-4300013
In base 8, what is -2332 - 177?
-2531
In base 4, what is -1113300301 - 23?
-1113300330
In base 6, what is 44134515 - 1?
44134514
In base 12, what is 7b1 + -796?
17
In base 2, what is 1010101010 + -10011010011?
-1000101001
In base 14, what is -10a93 + c?
-10a85
In base 4, what is 10 + 1003021103?
1003021113
In base 8, what is -31 + 5476?
5445
In base 6, what is 4433 - -1133?
10010
In base 15, what is -2 + 21d2a?
21d28
In base 12, what is -12a + 1ba?
90
In base 13, what is 0 - 36599?
-36599
In base 6, what is -42 - 4103?
-4145
In base 6, what is 214433 + -5?
214424
In base 5, what is -224133141 + 10?
-224133131
In base 2, what is -101 - 1011011000?
-1011011101
In base 12, what is -64309 - -4?
-64305
In base 8, what is -314 + -31?
-345
In base 10, what is 7103 - -3?
7106
In base 8, what is 2 - -45563?
45565
In base 13, what is 31070 + -4?
31069
In base 15, what is 4 - 149c5?
-149c1
In base 5, what is 3 - -311032?
311040
In base 16, what is 2 - 1ce6?
-1ce4
In base 10, what is -27993 - 24?
-28017
In base 6, what is -112 - 3200?
-3312
In base 11, what is -2598 + -26?
-2613
In base 7, what is 14155 - 453?
13402
In base 11, what is -6 + 12076?
12070
In base 9, what is -6 - 22060?
-22066
In base 12, what is -3 - -18a96a?
18a967
In base 6, what is 13 - 1251?
-1234
In base 8, what is -4355 + 43?
-4312
In base 15, what is -23b8 - 8?
-23c1
In base 15, what is -1 + 13e58?
13e57
In base 13, what is 1551 + -9?
1545
In base 2, what is -101000000011 - 1001?
-101000001100
In base 2, what is 100000001101100100 + 101?
100000001101101001
In base 16, what is -6e - -a4?
36
In base 7, what is 10 + -3446?
-3436
In base 7, what is -3 + -101344?
-101350
In base 15, what is -1735c + 3?
-17359
In base 16, what is 90fb + -35?
90c6
In base 9, what is -2 - 2348823?
-2348825
In base 15, what is 54d - 16?
537
In base 4, what is 10122 + -110?
10012
In base 14, what is -2bb6 + 1?
-2bb5
In base 10, what is -9992 + -14?
-10006
In base 11, what is 4 + 3323?
3327
In base 16, what is 5 - -3b64e?
3b653
In base 8, what is -271 - -225?
-44
In base 3, what is 212210200 + -10021?
212200102
In base 10, what is 265 - -227?
492
In base 10, what is -2 - -1042009?
1042007
In base 7, what is 136 + 522224?
522363
In base 16, what is 45c + 40?
49c
In base 3, what is 11110001211 - -11?
11110001222
In base 6, what is 324 - -32?
400
In base 7, what is -4 + 25456?
25452
In base 6, what is -5 + -2024501?
-2024510
In base 4, what is 2 + -20233311?
-20233303
In base 15, what is 40 + b18?
b58
In base 13, what is 2409 - 3c5?
2014
In base 11, what is -103 + 1433?
1330
In base 4, what is 21333031 + 10?
21333101
In base 10, what is -1 - 819605?
-819606
In base 16, what is -39 - -518?
4df
In base 15, what is -936 + -54?
-98a
In base 8, what is 712 - -56?
770
In base 8, what is -135 + 5514?
5357
In base 2, what is -111001 + -1001011110011010?
-1001011111010011
In base 15, what is 204 - 24a?
-46
In base 16, what is 6 + 32eb?
32f1
In base 6, what is 11 + 241332?
241343
In base 10, what is 3 + 15324?
15327
In base 5, what is 0 + -33403113?
-33403113
In base 2, what is -10011010011111110 + -101?
-10011010100000011
In base 9, what is -15334 + 136?
-15187
In base 9, what is 3 + 123370?
123373
In base 14, what is bc - 38?
84
In base 7, what is -3 + 542?
536
In base 15, what is 2a - -6b8b?
6bb6
In base 12, what is 5 - 129?
-124
In base 6, what is 231542 + 321?
232303
In base 9, what is -3 - -571686?
571683
In base 16, what is -71 + -76?
-e7
In base 13, what is -1 - -7b56?
7b55
In base 3, what is 2002101 + -1012120?
212211
In base 16, what is a0 + 4c7c?
4d1c
In base 13, what is 5c6 - -20b?
804
In base 15, what is 5 - 1498?
-1493
In base 5, what is -132 + -2130?
-2312
In base 9, what is -15 + -13157?
-13173
In base 12, what is -b0 + -3a?
-12a
In base 12, what is 5185 + -2b8?
4a89
In base 14, what is -21 + -5b55?
-5b76
In base 4, what is -1103 + 3321?
2212
In base 2, what is 111100101 - -1010010?
1000110111
In base 6, what is 1121 - 1052?
25
In base 11, what is 1 - -900499?
90049a
In base 14, what is -4 - 1154?
-1158
In base 8, what is 4 + -2065?
-2061
In base 8, what is -16647516 - 4?
-16647522
In base 8, what is -22677 - 4?
-22703
In base 11, what is -7690 - -4?
-7687
In base 16, what is 1119b - 4?
11197
In base 10, what is -217785 - -9?
-217776
In base 16, what is 2 - 3de1e?
-3de1c
In base 7, what is 155 - 334?
-146
In base 13, what is 3 + 35?
38
In base 3, what is -10011 + -2111?
-12122
In base 16, what is 1f91 - 20?
1f71
In base 14, what is 63 - -38?
9b
In base 5, what is -21200 + 121?
-21024
In base 5, what is 4041303 + 14?
4041322
In base 3, what is -2 + -200000212?
-200000221
In base 15, what is 659 + -20?
639
In base 12, what is -5 + -5685?
-568a
In base 4, what is 20030 + -20302?
-212
In base 6, what is 355034 + -3?
355031
In base 2, what is -10010 - 100001111101001?
-100001111111011
In base 16, what is 67640 + 1?
67641
In base 3, what is 1111120120 - -11?
1111120201
In base 14, what is 30047 + 0?
30047
In base 7, what is -2252 + 4544?
2262
In base 7, what is 1103 - -16243?
20346
In base 6, what is 42 + -203533?
-203451
In base 5, what is -210124042 - -10?
-210124032
In base 12, what is -1b3b + -5?
-1b44
In base 2, what is -1010011000010 - -101101100?
-1001101010110
In base 14, what is 17a7a - -1?
17a7b
In base 11, what is 6a + -22a?
-170
In base 6, what is -2 - -2335003?
2335001
In base 7, what is 1 + 12431?
12432
In base 12, what is -33 + b3a?
b07
In base 2, what is 111 + -10011001111?
-10011001000
In base 11, what is 1 + -14552?
-14551
In base 6, what is 20 - 1310224?
-1310204
In base 3, what is 102 + -11021022?
-11020220
In base 3, what is 112211 - -12110012?
20000000
In base 14, what is -ac4 - -b?
-ab7
In base 13, what is -42 - 510?
-552
In base 15, what is 73 + 91?
114
In base 2, what is 11 - 111001000011001?
-111001000010110
In base 3, what is 10002 - 1111200?
-1101121
In base 6, what is 1402014 + -2?
1402012
In base 13, what is 0 - 4bc?
-4bc
In base 7, what is -13 - 1255515?
-1255531
In base 16, what is -202 - 338?
-53a
In base 10, what is -3 + 536584?
536581
In base 3, what is 12100222220012 - -10?
12100222220022
In base 3, what is -11 - 22201020010?
-22201020021
In base 4, what is 1120103 - 12?
1120031
In base 14, what is 21 - 4873?
-4852
In base 2, what is 101010100011011 - -110010?
101010101001101
In base 5, what is 1040134 + 4?
1040143
In base 7, what is -2 + -13106?
-13111
In base 16, what is 3 + 2324a?
2324d
In base 7, what is 0 + -564610?
-564610
In base 5, what is -3 - 241140?
-241143
In base 6, what is -1 + 32332413?
32332412
In base 3, what is 11 - 2002020122?
-2002020111
In base 10, what is -3 + -223188?
-223191
In base 2, what is -111111111 + -1001001010?
-10001001001
In base 5, what is -2 + -102222310?
-102222312
In base 12, what is -146aa + 13?
-14697
In base 6, what is 21254 - -155?
21453
In base 16, what is 4 - -61e2?
61e6
In base 14, what is 155 - 698?
-543
In base 11, what is -3 + 36930?
36928
In base 11, what is 4866 + 1?
4867
In base 3, what is -10 - 1022101100?
-1022101110
In base 3, what is 1212112 - -10001000?
11220